s 24 a factor of 78731768?
False
Is 49 a factor of 51994863?
False
Does 1551 divide 95469558?
False
Is 1702240592 a multiple of 104?
True
Is 19743479 a multiple of 77?
False
Is 1995126178 a multiple of 2776?
False
Does 9 divide 316023507?
True
Is 3021319 a multiple of 368?
False
Is 547 a factor of 51161156?
False
Is 2523 a factor of 384671718?
True
Does 2 divide 776393?
False
Is 9 a factor of 5846816?
False
Is 1050556897 a multiple of 431?
True
Is 1336 a factor of 11730080?
True
Does 41 divide 295243152?
False
Is 99768717 a multiple of 3?
True
Is 415534896 a multiple of 537?
True
Is 264667 a multiple of 332?
False
Is 31910711 a multiple of 5?
False
Is 433609424 a multiple of 178?
True
Is 81330672 a multiple of 662?
True
Does 5010 divide 473400729?
False
Is 4 a factor of 64272329?
False
Is 32023972 a multiple of 36?
False
Is 155176034 a multiple of 292?
False
Is 20237680 a multiple of 40?
True
Does 13717 divide 788277962?
False
Is 673 a factor of 563386920?
False
Does 59 divide 24731089?
True
Is 205907332 a multiple of 23?
False
Does 74 divide 360385476?
True
Is 15115275 a multiple of 63?
True
Is 269177078 a multiple of 147?
False
Is 44 a factor of 36107368?
True
Is 12398009 a multiple of 10?
False
Does 1489 divide 334862660?
False
Is 679375554 a multiple of 78?
True
Does 551 divide 1417297628?
True
Is 16 a factor of 308083024?
True
Is 11824615 a multiple of 58?
False
Does 32 divide 4155744?
True
Is 598 a factor of 2403678533?
False
Is 60270174 a multiple of 310?
False
Does 2187 divide 111604250?
False
Is 241694179 a multiple of 414?
False
Is 53325843 a multiple of 219?
True
Is 12919977 a multiple of 841?
False
Is 937799001 a multiple of 1250?
False
Is 3105287616 a multiple of 14382?
False
Is 110 a factor of 40352950?
True
Does 2378 divide 2990068664?
True
Is 531980483 a multiple of 80?
False
Does 2 divide 2129563?
False
Is 778 a factor of 189816641?
False
Is 776 a factor of 11568608?
True
Is 7093 a factor of 1789847620?
True
Is 90 a factor of 86146470?
True
Is 9 a factor of 74430204?
False
Is 2829 a factor of 58241144?
False
Does 157 divide 23287920?
False
Does 30 divide 256410900?
True
Is 817559892 a multiple of 38?
True
Does 705 divide 202593030?
True
Is 43 a factor of 3006870684?
False
Is 586 a factor of 1631872876?
True
Does 4 divide 4114877?
False
Does 129 divide 104938146?
True
Is 25 a factor of 434423756?
False
Does 2804 divide 170696304?
True
Is 33147400 a multiple of 3172?
True
Does 12 divide 25546559?
False
Is 3934684601 a multiple of 9436?
False
Is 15234426 a multiple of 6?
True
Is 12 a factor of 50900827?
False
Is 318 a factor of 13803174?
False
Is 5430041204 a multiple of 28?
True
Is 2568946471 a multiple of 6847?
True
Does 9 divide 72188848?
False
Does 20 divide 104670200?
True
Is 7498450 a multiple of 13?
False
Does 1782 divide 525285580?
False
Does 18 divide 324677598?
False
Is 100 a factor of 2493029800?
True
Is 16 a factor of 240011484?
False
Is 1371 a factor of 100357200?
True
Does 175 divide 341844902?
False
Is 193990560 a multiple of 248?
True
Does 5 divide 115211913?
False
Is 108617867 a multiple of 268?
False
Does 2601 divide 328529709?
True
Is 38 a factor of 91591856?
True
Does 541 divide 486407175?
False
Is 1214105409 a multiple of 2?
False
Is 4331 a factor of 296395468?
False
Does 514 divide 1743793892?
False
Is 253 a factor of 117664033?
False
Does 20 divide 107389540?
True
Is 3 a factor of 88672363?
False
Is 17 a factor of 1195119135?
False
Is 30 a factor of 13873127?
False
Is 10159823 a multiple of 60?
False
Is 3433566995 a multiple of 5021?
False
Is 24844492 a multiple of 2463?
False
Is 364970712 a multiple of 1374?
False
Is 74524460 a multiple of 33?
False
Does 164 divide 38984374?
False
Is 1087 a factor of 2065397839?
False
Is 290 a factor of 604477197?
False
Is 346 a factor of 433294136?
False
Is 14 a factor of 37486498?
True
Is 1289051 a multiple of 2?
False
Is 8 a factor of 47037855?
False
Is 1290511579 a multiple of 49?
True
Is 1922 a factor of 533456866?
True
Is 54367071 a multiple of 187?
True
Is 196576351 a multiple of 502?
False
Does 232 divide 24030096?
True
Is 406 a factor of 6386685?
False
Is 75870072 a multiple of 7?
False
Does 191 divide 19417060?
True
Does 18 divide 237636506?
False
Does 1755 divide 217484865?
True
Does 5833 divide 820856138?
False
Does 2505 divide 581674971?
False
Is 14 a factor of 1860461092?
True
Does 35 divide 373217145?
True
Is 1008 a factor of 245079364?
False
Is 129118047 a multiple of 25?
False
Is 66 a factor of 513658200?
True
Is 613194954 a multiple of 16?
False
Is 12 a factor of 201813688?
False
Is 3135 a factor of 55655154?
False
Is 13600282 even?
True
Is 4435 a factor of 1409199412?
False
Is 2812 a factor of 158695220?
True
Is 113737286 a multiple of 26?
True
Is 87219330 a multiple of 22?
True
Is 136493839 a multiple of 125?
False
Is 5034450 a multiple of 30?
True
Is 102077451 a multiple of 279?
True
Is 814651 a multiple of 3?
False
Is 8361 a factor of 1409924136?
False
Is 134 a factor of 37855838?
False
Does 298 divide 279433706?
True
Does 9 divide 585547363?
False
Is 16636363 a multiple of 25?
False
Is 62 a factor of 22327192?
True
Is 1678609 a multiple of 119?
False
Is 49279864 a multiple of 50?
False
Is 243 a factor of 10252413?
True
Is 124312989 a multiple of 142?
False
Does 2 divide 57552437?
False
Is 219240132 a multiple of 23?
False
Is 16 a factor of 49667312?
True
Does 153 divide 363970805?
False
Is 1788 a factor of 484374564?
True
Is 125869986 a multiple of 99?
True
Does 904 divide 10120280?
True
Is 13351521 a multiple of 1356?
False
Is 38501204 a multiple of 747?
False
Does 874 divide 1077642?
True
Is 94090464 a multiple of 216?
True
Is 549353604 a multiple of 3083?
True
Does 1485 divide 852594930?
True
Is 28 a factor of 21230944?
True
Does 32 divide 139712224?
True
Is 735 a factor of 344768655?
True
Does 1113 divide 2374960581?
True
Is 83 a factor of 19476946?
True
Is 225314788 a multiple of 19?
False
Does 844 divide 1832761192?
True
Does 1911 divide 193363502?
False
Does 12 divide 352024901?
False
Does 85 divide 943404163?
False
Is 850966195 a multiple of 5?
True
Is 37 a factor of 3508266?
True
Is 445 a factor of 1326619?
False
Does 636 divide 1253979071?
False
Is 3532746 a multiple of 9?
False
Does 12 divide 46401642?
False
Is 3372362695 a multiple of 15?
False
Is 845 a factor of 93560392?
False
Is 150 a factor of 14248800?
True
Does 416 divide 9269728?
True
Does 3 divide 290829260?
False
Does 17 divide 449256569?
True
Is 645579 a multiple of 3?
True
Is 329 a factor of 1971844392?
True
Does 8 divide 802813582?
False
Does 308 divide 569394364?
True
Is 138323258 a multiple of 41?
True
Is 1334 a factor of 275284292?
False
Is 139 a factor of 2630679?
False
Does 4 divide 24813028?
True
Does 8 divide 15817640?
True
Does 14 divide 69847652?
True
Does 5 divide 41126490?
True
Is 57256981 a multiple of 2?
False
Does 608 divide 75585344?
True
Does 1449 divide 177264688?
False
Is 1234 a factor of 324108684?
False
Is 36711144 a multiple of 2172?
True
Does 3 divide 347181815?
False
Does 71 divide 434189708?
True
Is 28387647 a multiple of 17?
False
Is 12 a factor of 99193152?
True
Is 3 a factor of 21817468?
False
Is 282486696 a multiple of 234?
False
Is 23 a factor of 47683579?
False
Does 17 divide 51136949?
False
Is 92 a factor of 87952474?
False
Is 70020547 a multiple of 281?
False
Is 2 a factor of 610158626?
True
Is 201 a factor of 26005983?
True
Is 185672750 a multiple of 29?
False
Is 8999 a factor of 935501512?
False
Does 16 divide 7647328?
True
Is 913460 a multiple of 4?
True
Does 15 divide 938621?
False
Is 70 a factor of 21412380?
False
Is 857 a factor of 89635221?
False
Is 1336655856 a multiple of 236?
True
Is 43431930 a multiple of 852?
False
Is 71282948 a multiple of 356?
True
Is 1713 a factor of 128363655?
True
Is 61 a factor of 30039334?
False
Is 2004 a factor of 1726997?
False
Is 1552088 a multiple of 420?
False
Is 116 a factor of 889621361?
False
Is 30 a factor of 12078030?
True
Is 15841610 a multiple of 346?
True
Does 1194 divide 42822810?
True
Is 51193168 a multiple of 667?
False
Is 26 a factor of 43086678?
False
Is 9 a factor of 13219740?
True
Is 123661355 a multiple of 4?
False
Is 3660 a factor of 1129699260?
True
Does 571 divide 1463779709?
False